 q - 692. What is the highest common divisor of n and 13?
13
Suppose -24*j = 28158 - 123318. What is the highest common factor of 130 and j?
65
Let x be (-310)/(-5)*(-1)/(-2). Let j be ((-520)/(-32))/(2/8). Let u be 15*(1199/j + (-52)/(-338)). What is the greatest common factor of x and u?
31
Let g be 20/(4/16*2). Suppose -5*j = 4*h - 48, 38*j - 8 = g*j. What is the greatest common divisor of 527 and h?
17
Let a(f) = 1201*f + 4318. Let c be a(5). Calculate the greatest common factor of 27 and c.
9
Let n be (0 + 128 - 1) + -1. Let a(q) = q**3 - 13*q**2 - 4*q + 65. Let l be a(13). Suppose 3*d + l*d = 336. What is the highest common factor of n and d?
21
Let a = 504 - 333. Suppose l + 2*l - 4*g = 133, -2*l + 5*g = -77. Suppose -7*b + 82 = -l. Calculate the greatest common factor of b and a.
19
Let g be (10798/8 + 17)*8. What is the highest common factor of g and 154?
154
Let y(t) = -t**3 - 14*t**2 - 36*t - 23. Suppose 0 = -2*h + 193 - 217. Let f be y(h). What is the greatest common divisor of f and 11?
11
Let m = -13238 + 13263. What is the highest common divisor of 40 and m?
5
Suppose 7*l = 25*l + 12474. Let z = -353 - l. Calculate the highest common divisor of z and 20.
20
Suppose 4*o - 476 = 1045*x - 1048*x, 3*x - 420 = 3*o. Suppose -3*b = -2*b - 4. What is the highest common factor of b and x?
4
Let o = 468 - 952. Let v be (o/(-8))/(1/2). Suppose v - 25 = 4*f. Calculate the highest common factor of 12 and f.
12
Let p = -41 - -42. Suppose -1 + 20 = -v. Let y = v - -22. Calculate the greatest common factor of y and p.
1
Suppose 9*r - 5 = 4*r. Let h be r/2 + 1025/10. Suppose 16 = a - h. What is the highest common factor of 17 and a?
17
Let i(r) = -9*r**2 + 7*r + 49. Let s(j) = 16*j**2 - 13*j - 97. Let p(d) = -11*i(d) - 6*s(d). Let g be p(14). Calculate the greatest common divisor of g and 15.
15
Suppose -3*n + 13*l + 9798 = 16*l, n + 4*l = 3254. Let t = n + -1998. What is the highest common divisor of t and 24?
24
Let s = -3314 - -3869. Calculate the highest common factor of s and 592.
37
Let r be ((14834 - -3) + -2)*(114/(-15) - -8). What is the highest common factor of r and 552?
138
Let p be 6/(9/(-18) - 9/(-6)). Let w be 24 + p - 21/3. Calculate the greatest common factor of w and 23.
23
Let r be (-3 + 1)*(0 - (-9)/(-2)). Let z = 141 + 120. Calculate the greatest common divisor of r and z.
9
Let f be ((-8)/(-28))/(((-142)/(-568))/(994/4)). What is the highest common divisor of f and 3834?
142
Suppose 0 = 4*j + 20, -4*j + 3 + 2 = 5*u. Let z be -6 - 75*(-52)/390. What is the highest common factor of u and z?
1
Let k(p) = -277*p - 1305. Let r be k(-5). Let b be ((-2640)/84)/(3/(-21)). Calculate the highest common divisor of r and b.
20
Let m = 28137 + -23411. What is the greatest common divisor of m and 204?
34
Let v(w) = w**3 - 27*w**2 + 26*w + 29. Let a be v(26). Calculate the highest common divisor of 522 and a.
29
Suppose -144 = -m - m. Suppose 7*f + m = f. Let t be (392/(-32))/(3/f). Calculate the greatest common factor of 7 and t.
7
Let z(c) = c**3 - 16*c**2 + 12*c - 160. Let o be z(20). Suppose 0 = g - 8*g + o. Calculate the greatest common factor of g and 75.
15
Let b = 4690 - 1350. What is the highest common factor of 20 and b?
20
Suppose 5*b = 4*v - 83, -4*b + 106 = 5*v - 8. Let q(m) = -181*m + 907. Let u be q(5). Calculate the greatest common factor of v and u.
2
Suppose 7*r = -9 - 40. Let o = 56 - r. Suppose -3*y + 57 = -o. Calculate the highest common factor of 20 and y.
20
Let k be (12 - 15 - (0 - 4))*795. What is the highest common divisor of k and 60?
15
Suppose 159 = 42*i - 93. Let b be ((-1)/((-2)/3))/(2/216). Calculate the highest common divisor of b and i.
6
Let j be 878/8 - 3/(-12). Let i be 1 + (0 - 3) + j. Let y(c) = 12*c**2 + 61*c - 61. Let h be y(1). Calculate the highest common factor of i and h.
12
Let p(a) = 4*a**2 - 100*a + 706. Let h be p(8). Calculate the greatest common factor of 3348 and h.
54
Suppose 2*s - 3*k - 52 = 0, -4*s = 8*k - 4*k - 184. What is the highest common factor of 38 and s?
38
Let x be (-12)/16 + (-915)/(-4). Suppose q = -2*q + 4*r + x, 5*q + r - 403 = 0. Suppose -q*g = -79*g - 20. Calculate the highest common factor of 220 and g.
20
Let v(o) = -2*o**3 + 33*o**2 + 39*o - 68. Let w be v(17). Suppose w = 675*i - 669*i. What is the highest common divisor of i and 391?
17
Let o(c) = -146*c + 297. Let g be o(2). Suppose -2*b + b = -d - 4, -2*d - 3 = -b. Let x be (35/b)/(g/130). What is the highest common divisor of 26 and x?
26
Suppose 4*s + s = 140. Let q = 145 - 70. Suppose -q*y + 168 = -71*y. What is the highest common factor of s and y?
14
Let y(x) = -27*x + 56. Let v be y(0). What is the highest common factor of v and 10738?
14
Let t = 28483 + -28375. What is the greatest common divisor of t and 2133?
27
Let g(z) = -z**3 - 20*z**2 + 21*z + 1. Let r be g(-21). Suppose 2*c - 41 = -39. Let s be 95/(-2)*(r + -4 + c). Calculate the highest common factor of 38 and s.
19
Let c = 61 - -77. Calculate the highest common factor of c and 2346.
138
Let r = -18 + 27. Let c = -743990 + 744134. Calculate the highest common divisor of c and r.
9
Let t be (-4)/3*(14 - (15 - -14)). What is the highest common divisor of 332 and t?
4
Let j be (-770)/(-66)*12/10. Let x = -434 + 444. What is the highest common factor of j and x?
2
Suppose o = -v + 59, 10*o + 7 + 135 = 2*v. What is the greatest common divisor of 1 and v?
1
Suppose -3*u - 5*i + 11743 = 0, -27*i + 24*i + 15 = 0. What is the greatest common factor of u and 42?
42
Let z(i) be the first derivative of -i**4/4 - 2*i**3 - 5*i**2 - 93*i - 141. Let t be z(-7). What is the highest common factor of 559 and t?
13
Suppose -h - 3*h = -392. Suppose -19*d + 23*d - 4*k = 16, -5*k = 20. Suppose 266*u - 270*u + 56 = d. Calculate the greatest common factor of u and h.
14
Suppose -3*t - 2*y = -80, 3*y = -2*t - 23 + 68. Calculate the greatest common factor of 3750 and t.
30
Let g be -2 + 4792/52 + 3 + 205/(-65). What is the greatest common divisor of 144 and g?
18
Suppose 4*x = -u, 5*x = -7*u + 6*u - 1. Suppose -5*w = 3*n - 35, -9*w - u*n - 30 = -10*w. Calculate the highest common divisor of 170 and w.
10
Let p(i) = 119*i - 3208. Let u be p(28). What is the greatest common factor of u and 124?
124
Let y = -3274 - -3290. What is the highest common factor of 5872 and y?
16
Suppose 0 = -1557*g + 1553*g + 16. Let r(d) = -137 - 7*d + 7*d**2 + 137. Let n be r(g). What is the highest common divisor of n and 126?
42
Let r(z) = 9*z + 61. Let w be r(-6). Suppose 3*u - 22 = 5*q, w*q - 26 = -3*u + 8*q. What is the greatest common factor of 63 and u?
9
Let m(r) = 25*r**3 - 10*r**2 + 2*r + 18. Let p be m(8). Calculate the greatest common divisor of 67 and p.
67
Let x be 10*((-44)/8 - -5). Let j be 429*((-2)/(-15) + (-1)/x). Let v(u) = 2*u - 1. Let l be v(7). What is the greatest common factor of j and l?
13
Let f(t) = 176*t - 2091. Let i be f(12). Calculate the greatest common factor of i and 7245.
21
Suppose 5*q - 226 = -d, 5*d = -6*q + 217 + 875. What is the greatest common divisor of 891 and d?
27
Let y(o) = -2*o**2 - 82*o - 518. Let f be y(-8). What is the highest common divisor of 18730 and f?
10
Suppose 0 = 2*a - 91 + 93, -2*j + 49 = a. Calculate the greatest common factor of j and 675.
25
Let r be (-10)/2*9/(-3). Suppose 0 = -4*j - 5*j + 6525. Let h = -710 + j. Calculate the highest common divisor of r and h.
15
Suppose -5*t + 793*n + 2910 = 796*n, -4*t = -4*n - 2360. What is the highest common factor of 377 and t?
13
Suppose -3*j + 0 = 9, -5*z - j = 123. Let w be 840/z*(1 - (-14)/(-10)). Calculate the highest common divisor of 10 and w.
2
Suppose 5*q = 0, 5*s - 4 = q + 1. Suppose 316 = 9*k + 91. Calculate the greatest common factor of s and k.
1
Let r(p) = -19*p + 60. Suppose 68*u - 45 = 73*u. Let a be r(u). Calculate the highest common factor of 33 and a.
33
Let u(n) = -17*n + 8. Let f be u(10). Let b = f + 179. What is the greatest common factor of b and 34?
17
Let x = -50 - -52. Let t(f) = 8*f**3 - 7*f**2 - 2*f**3 - 4 - 18*f - f**x - 5*f**3. Let y be t(10). What is the highest common divisor of 40 and y?
8
Suppose 0 = -7*j - 1088 + 6744. Calculate the highest common divisor of 707 and j.
101
Suppose -26*i = -7*i + 3439. Let z = i + 196. Calculate the greatest common diviso